{"id":13,"date":"2020-02-27T14:39:59","date_gmt":"2020-02-27T14:39:59","guid":{"rendered":"http:\/\/adriangrosari.ro\/?page_id=13"},"modified":"2025-02-03T16:17:36","modified_gmt":"2025-02-03T16:17:36","slug":"biografie","status":"publish","type":"page","link":"https:\/\/adriangrosari.ro\/index.php\/biografie\/","title":{"rendered":"Biografie"},"content":{"rendered":"<div id=\"themify_builder_content-13\" data-postid=\"13\" class=\"themify_builder_content themify_builder_content-13 themify_builder\">\n\n    \t\n\t\t<!-- module_row -->\n\t\t<div  class=\"themify_builder_row module_row clearfix repeat wow animation_effect_delay_2000 module_row_0 themify_builder_13_row module_row_13-0\">\n\t\t\t\t\t\t<div class=\"row_inner col_align_top\" >\n                            \n\t\t<div  class=\"module_column tb-column col4-1 first tb_13_column module_column_0 module_column_13-0-0\" >\n                                                                <div class=\"tb-column-inner\">\n                            \n\n    <!-- module image -->\n    <div  id=\"image-13-0-0-0\" class=\"module module-image image-13-0-0-0  image-top   auto_fullwidth\">\n        <!--insert-->\n        \n        <div class=\"image-wrap\">\n                            <img decoding=\"async\" loading=\"lazy\" width=\"381\" height=\"469\" src=\"http:\/\/adriangrosari.ro\/wp-content\/uploads\/2020\/02\/Adrian-Grosari.jpg\" class=\" wp-post-image wp-image-82\" alt=\"Adrian-Grosari\" srcset=\"https:\/\/adriangrosari.ro\/wp-content\/uploads\/2020\/02\/Adrian-Grosari.jpg 381w, https:\/\/adriangrosari.ro\/wp-content\/uploads\/2020\/02\/Adrian-Grosari-244x300.jpg 244w\" sizes=\"(max-width: 381px) 100vw, 381px\" \/>            \n                        <\/div>\n            <!-- \/image-wrap -->\n        \n        \n            <\/div>\n    <!-- \/module image -->\n\n                        <\/div>\n                    \t\t<\/div>\n\t\t\n\t\t<div  class=\"module_column tb-column col4-3 last tb_13_column module_column_1 module_column_13-0-1\" >\n                                                                <div class=\"tb-column-inner\">\n                            \n\n<!-- module text -->\n<div  id=\"text-13-0-1-0\" class=\"module module-text text-13-0-1-0  repeat  \">\n    <!--insert-->\n    \n        <h2>Adrian Grosari<\/h2>\n<p><em>Profesor de Educa\u021bie plastic\u0103 la \u0218coala Gimnazial\u0103 \u201eMihai Eminescu\u201d\u00a0 \u0219i \u0218coala Gimnazial\u0103 \u201eRegina Elisabeta\u201d din R\u0103d\u0103u\u021bi, Jud. Suceava<\/em><\/p>\n<p><strong>Studii: <\/strong><\/p>\n<ul>\n<li><strong>2012 &#8211; <\/strong>Masterand \u00een Arte Decorative din cadrul Universit\u0103\u021bii de Arte \u201dGeorge Enescu\u201d, Ia\u0219i &#8211; Facultatea de Arte Plastice, Decorative \u0219i Design;<\/li>\n<li><strong>2006 &#8211; <\/strong>Absolvent al Universit\u0103\u021bii de Arte \u201dGeorge Enescu\u201d, Ia\u0219i \u2013 Facultatea de Arte Plastice, \u00a0\u00a0\u00a0Decorative \u0219i Design, Specializarea Arte Decorative.<\/li>\n<\/ul>\n<p>\u00a0<\/p>        <\/div>\n<!-- \/module text -->\n\n                        <\/div>\n                    \t\t<\/div>\n\t\t                                <\/div>\n                                <!-- \/row_inner -->\n                        <\/div>\n                        <!-- \/module_row -->\n\t\t\t\n\t\t<!-- module_row -->\n\t\t<div  class=\"themify_builder_row module_row clearfix repeat module_row_1 themify_builder_13_row module_row_13-1\">\n\t\t\t\t\t\t<div class=\"row_inner col_align_top\" >\n                            \n\t\t<div  class=\"module_column tb-column col-full first tb_13_column module_column_0 module_column_13-1-0\" >\n                                                                <div class=\"tb-column-inner\">\n                            \n\n<!-- module text -->\n<div  id=\"text-13-1-0-0\" class=\"module module-text text-13-1-0-0  repeat  \">\n    <!--insert-->\n    \n        <h1>Activitate artistic\u0103:<\/h1>\n<h2><span style=\"color: #ff0000;\"><strong>Expozi\u021bii de grup \u00een str\u0103in\u0103tate:<\/strong><\/span><\/h2>\n<ul>\n<li><strong>2016 &#8211; <\/strong>Expozi\u021bie de grup organizat\u0103 de U.A.P filiala Suceava \u00een ora\u0219ul Laval, <strong>Fran\u021ba.<\/strong><\/li>\n<li><strong>2015 &#8211; <\/strong>Salonul Interna\u021bional \u201eInimi Unite\u201d organizat\u0103 de U.A.P filiala Suceava la Cern\u0103u\u021bi, <strong>Ucraina.<\/strong><\/li>\n<li><strong>2023 &#8211; <\/strong>Expozi\u021bia Interna\u021bional\u0103 de Art\u0103 plastic\u0103 \u201eZis \u0219i f\u0103cut\u201d edi\u021bia a II-a, \u00a0<strong>Ia\u0219i <\/strong><\/li>\n<\/ul>\n<h2>\u00a0<\/h2>\n<h2><span style=\"color: #ff0000;\"><strong>Expozi\u021bii personale:<\/strong><\/span><\/h2>\n<p><strong>Grecia, Italia, <\/strong><strong>Serbia, Muntenegru, Bosnia \u0219i Her\u021begovina<\/strong> , <strong>Croa\u021bia, \u021a\u0103rile de Jos, Bulgaria, Israel \u0219i Macedonia.<\/strong><\/p>\n<p><strong>2024<\/strong><\/p>\n<p>Expozi\u021bie itinerant\u0103 de pictur\u0103 \u00een aer liber \u00a0<strong>\u201e12 luni, 12 lucr\u0103ri, 12 loca\u021bii\u201d.<\/strong><\/p>\n<ul>\n<li>Ianuarie, Bra\u0219ov &#8211; Poiana Bra\u0219ov, Cabana Yager, Vf. Post\u0103varu, <strong>Rom\u00e2nia.<\/strong><\/li>\n<li>Februarie, Putna &#8211; M\u0103n\u0103stirea Daniil Sihastrul, <strong>Rom\u00e2nia.<\/strong><\/li>\n<li>Martie, Bazilica Sf. Petru, Cetatea Vaticanului, Castelul Sant&#8217;Angelo, Pia\u021ba Spaniei, Colosseumul, Parcul Villa Borghese, Basilica Sf. Pavel, Roma-<strong>Italia.<\/strong><\/li>\n<li>Aprilie, V\u00e2rful Cernegura, Lacul B\u00e2tca Doamnei, Piatra Neam\u021b, <strong>Rom\u00e2nia.<\/strong><\/li>\n<li>Mai, M. Moldovi\u021ba, Pasul Palma \u2013 Sucevi\u021ba, <strong>Rom\u00e2nia.<\/strong><\/li>\n<li>Iunie, S\u00e2mb\u0103ta de Sus, Cabana S\u00e2mb\u0103ta de Sus, Fereastra S\u00e2mb\u0103ta de Sus, Bra\u0219ov, <strong>Rom\u00e2nia.<\/strong><\/li>\n<li>Iulie, Parga, Corfu, Lefkada, &#8211; M. Rila, <strong>Bulgaria<\/strong> \u0219i <strong>Grecia.<\/strong><\/li>\n<li>August, Cheile Bic\u0103jelului- Lacu Ro\u0219u, <strong>Rom\u00e2nia.<\/strong><\/li>\n<li>Septembrie, Sf. Munte Athos &#8211; Gr\u0103dina Maicii Domnului &#8211; M. Agiou Pavlov, Schitul Lacu &#8211; Chilia Buna Vestire, Karyes, M. Sf. Andrei, M. Koutloumousiou, M. Iviron, M. Stavronikita, M. Pantokratoros, M. Vatopedi, Schitul Colciu, <strong>Grecia.<\/strong><\/li>\n<li>Noiembrie, <strong>Serbia, Muntenegru, Bosnia \u0219i Her\u021begovina<\/strong> \u00a0\u0219i \u00a0<strong>Croa\u021bia<\/strong>.<\/li>\n<li>Decembrie, Suceava &#8211; Cetatea de Scaun a Sucevei, <strong>Rom\u00e2nia.<\/strong><\/li>\n<\/ul>\n<p><strong>2023<\/strong><\/p>\n<p>Expozi\u021bie itinerant\u0103 de grafic\u0103<\/p>\n<p><strong>2022<\/strong><\/p>\n<p>Expozi\u021bia de pictur\u0103 \u0219i grafic\u0103 <strong>\u201ePrietenie cu valen\u021be artistice<\/strong>\u201d la Galeria de Art\u0103 \u201eTraian Postolache din R\u0103d\u0103u\u021bi.<\/p>\n<p>Expozi\u021bie itinerant\u0103 de grafic\u0103 \u00een aer liber \u00a0<strong>&#8222;12 luni, lucr\u0103ri, loca\u021bii&#8221;<\/strong><\/p>\n<ul>\n<li>Ianuarie, &#8222;Dealul Crucii&#8221;\u00a0 &#8211; Putna, Rom\u00e2nia<\/li>\n<li>Februarie, Vf. Toaca (Cota 1904) &#8211; Masivul Ceahl\u0103u, Rom\u00e2nia<\/li>\n<li>Martie, Sih\u0103stria Putnei, Putna, Rom\u00e2nia<\/li>\n<li>Aprilie, Vf. Omu (Cota 1930), Masivul Suhard, Vatra Dornei, Rom\u00e2nia<\/li>\n<li>Mai, Cana Lalileii, Muntele Tabor, Capernaum, Israel<\/li>\n<li>Iunie, Oosteinderweg, 329, 1432 BG, AALSMEER, T\u0103rile de Jos<\/li>\n<\/ul>\n<h2><span style=\"color: #ff0000;\"><strong>Expozi\u021bii de grup \u00een \u021bar\u0103:<\/strong><\/span><\/h2>\n<p><strong>2023 <\/strong><\/p>\n<ul>\n<li>Salonul Na\u021bional de Plastic\u0103 Mic\u0103 Br\u0103ila, edi\u021bia a XXIV-a, Br\u0103ila<\/li>\n<li>Salonul de prim\u0103var\u0103 organizat de UAP filiala Suceava la Galeria de Art\u0103 \u201eIon Irimescu\u201d Suceava<\/li>\n<\/ul>\n<p><strong>2022<\/strong><\/p>\n<ul>\n<li>Expozi\u0163ia &#8222;Dasc\u0103l \u015fi artist&#8221;, g\u0103zduit\u0103 de Galeria de Art\u0103 R\u0103d\u0103u\u0163i<\/li>\n<li>Decembrie \u2013 Anuala UAPR Suceava la Galeria de art\u0103 \u201eIon Irimescu\u201d Suceava<\/li>\n<\/ul>\n<p><strong>2021<\/strong><\/p>\n<ul>\n<li>Expozi\u0163ia &#8222;Dasc\u0103l \u015fi artist&#8221; Culorile toamnei, g\u0103zduit\u0103 de Galeria de Art\u0103 R\u0103d\u0103u\u0163i<\/li>\n<li>Expozi\u021bie \u201eLa muzeu, de ziua iei!\u201d Muzeul Obiceiurilor Populare din Bucovina \u2013 Gura Humorului<\/li>\n<\/ul>\n<p><strong>2020<\/strong><\/p>\n<ul>\n<li>Expozi\u021bia de pictur\u0103, grafic\u0103 \u0219i sculptur\u0103 \u201eDasc\u0103l \u0219i artist\u201d a profesorilor de arte vizuale din Suceava \u0219i Ia\u0219i<\/li>\n<li>Expozi\u0163ia &#8222;Dasc\u0103l \u015fi artist&#8221;, g\u0103zduit\u0103 de Galeria de Art\u0103 R\u0103d\u0103u\u0163i<\/li>\n<\/ul>\n<p><strong>2019<\/strong><\/p>\n<ul>\n<li>Expozi\u021bia \u201eDasc\u0103l \u0219i artist\u201d la Biblioteca Jude\u021bean\u0103 \u201eI. G. Sbiera\u201d Suceava.<\/li>\n<li>Expozi\u021bia profesorilor de art\u0103 din jude\u021bul Suceava, Boto\u0219ani, Ia\u0219i \u0219i Bac\u0103u la Complexului Muzeal \u201eIulian Antonescu\u201d \u2013 Bac\u0103u.<\/li>\n<li>Expozi\u0163ia &#8222;Dasc\u0103l \u015fi artist&#8221;, g\u0103zduit\u0103 de Galeria de Art\u0103 R\u0103d\u0103u\u0163i<\/li>\n<li>Expozi\u0163ia &#8222;Dasc\u0103l \u015fi artist&#8221;, g\u0103zduit\u0103 la Sala \u201cPictor Aurel B\u0103e\u0219u\u201d din incinta Muzeului de Art\u0103 \u201cIon Irimescu\u201d, F\u0103lticeni.<\/li>\n<\/ul>\n<p><strong>2018<\/strong><\/p>\n<ul>\n<li>Expozi\u021bia profesorilor de art\u0103 din jude\u021b \u201eDasc\u0103l \u0219i artist\u201d la Muzeul de Art\u0103 din Gura Humorului,<\/li>\n<li>Expozi\u021bia profesorilor de art\u0103 din jude\u021b \u201eDasc\u0103l \u0219i artist\u201d la Muzeul \u201eIon Irimescu\u201d F\u0103lticeni,<\/li>\n<li>Expozi\u021bia profesorilor de art\u0103 din jude\u021b \u201eDasc\u0103l \u0219i artist\u201d la \u201eGaleria de Art\u0103\u201d R\u0103d\u0103u\u021bi,<\/li>\n<\/ul>\n<p><strong>2017<\/strong><\/p>\n<ul>\n<li>Salonul Anual U.A.P filiala Suceava la Galeriile de Art\u0103 \u201eIon Irimescu\u201d Suceava,<\/li>\n<li>Expozi\u021bia \u201eMiniaturi de M\u0103r\u021bi\u0219or\u201d la Galeriile de Art\u0103 \u201eIon Irimescu\u201d Suceava,<\/li>\n<li>Expozi\u021bia \u201eROGVAIV\u201d la Muzeul de Istorie Suceava,<\/li>\n<li>Expozi\u021bia profesorilor de art\u0103 din jude\u021b \u201eDasc\u0103l \u0219i artist\u201d la Muzeul de Art\u0103 din Gura Humorului,<\/li>\n<li>Expozi\u021bia profesorilor de art\u0103 din jude\u021b \u201eDasc\u0103l \u0219i artist\u201d la Muzeul \u201eIon Irimescu\u201d F\u0103lticeni,<\/li>\n<li>Expozi\u021bia profesorilor de art\u0103 din jude\u021b \u201eDasc\u0103l \u0219i artist\u201d la \u201eGaleria de Art\u0103\u201d R\u0103d\u0103u\u021bi,<\/li>\n<li>Expozi\u021bia profesorilor de art\u0103 din jude\u021b \u201eDasc\u0103l \u0219i artist\u201d la Iulius Mall Suceava.<\/li>\n<\/ul>\n<p><strong>2016<\/strong><\/p>\n<ul>\n<li>Salonul anual U.A.P filiala Suceava la Galeriile de Art\u0103 \u201eIon Irimescu\u201d Suceava,<\/li>\n<li>Expozi\u021bia profesorilor de art\u0103 din jude\u021b \u201eDasc\u0103l \u0219i artist\u201d la \u201eGaleria de Art\u0103\u201d R\u0103d\u0103u\u021bi,<\/li>\n<li>Expozi\u021bia profesorilor de art\u0103 din jude\u021b la Sala de Expozi\u021bie \u201eGeorge Gavrilean\u201d a Casei de Cultur\u0103 \u2013 Gura Humorului,<\/li>\n<li>Expozi\u021bia profesorilor de art\u0103 din jude\u021b \u201eDasc\u0103l \u0219i artist\u201d la \u201eGaleria de Art\u0103\u201d din C\u00e2mpulung,<\/li>\n<li>Expozi\u021bie de Prim\u0103var\u0103 U.A.P filiala Suceava la Galeriile de Art\u0103 \u201eIon Irimescu\u201d Suceava,<\/li>\n<li>Expozi\u021bie de pictur\u0103 TAG ROGVAIV la Galeria de Art\u0103 a U.S.V Suceava,<\/li>\n<li>Expozi\u021bia profesorilor de art\u0103 din jude\u021b \u201eDasc\u0103l \u0219i artist\u201d la U.S.V. Suceava,<\/li>\n<li>Expozi\u021bia de pictur\u0103 \u201eCadou de Cr\u0103ciun\u201d la Iulius Mall Suceava.<\/li>\n<\/ul>\n<p><strong>2015 <\/strong><\/p>\n<ul>\n<li>\u00a0\u201eAtelier 35\u201d \u2013 Ia\u015fi;<\/li>\n<li>Salonul anual U.A.P. Rom\u00e2nia, filiala Suceava la Galeria \u201eCity Gallery\u201d, Suceava,<\/li>\n<li>Salonul Interna\u021bional \u201eInimi Unite\u201d la City Gallery Suceava<\/li>\n<li>Expozi\u021bia profesorilor de art\u0103 din jude\u021b \u201eDasc\u0103l \u0219i artist\u201d la Galeria \u201eCity Gallery\u201d Suceava,<\/li>\n<\/ul>\n<p><strong>2014 <\/strong><\/p>\n<ul>\n<li>Salonul profesorilor de Educa\u021bie plastic\u0103 \u0219i Educa\u021bie vizual\u0103 din jude\u021b, la Galeria \u201eCity Gallery\u201d Suceava;<\/li>\n<\/ul>\n<p><strong>2008, 2007<\/strong><\/p>\n<ul>\n<li>Galeria de Art\u0103 \u201dApARTe\u201d a Universit\u0103\u021bii Na\u021bionale de Art\u0103 \u201eG. Enescu\u201d Ia\u0219i;<\/li>\n<\/ul>\n<p><strong>2006\u00a0 <\/strong><\/p>\n<ul>\n<li>Salonul anual U.A.P. Rom\u00e2nia, filiala Ia\u0219i, Hotel Europa Ia\u0219i;<\/li>\n<\/ul>\n<p><strong>2005 <\/strong><\/p>\n<ul>\n<li>Galeriile de Art\u0103 \u201dArcu\u201d Ia\u0219i;<\/li>\n<\/ul>\n<h2>\u00a0<\/h2>\n<h2><span style=\"color: #ff0000;\"><strong>Lucr\u0103ri \u00een albume de art\u0103:<\/strong><\/span><\/h2>\n<p><strong>2022 <\/strong>&#8211; Album \u201eZis \u0219i f\u0103cut\u201d edi\u021bia a II-a, Editura Pim.<\/p>\n<p><strong>2021 <\/strong>&#8211; Albumul <em>\u201eDasc\u0103l \u0219i artist\u201d<\/em> , Natura moart\u0103, natura vie, Editura Pim.<\/p>\n<p><strong>2019 <\/strong><\/p>\n<ul>\n<li>Albumul <em>\u201eExerci\u021bii de reg\u0103sire\u201d<\/em> , editat de Direc\u021bia Jude\u021bean\u0103 pentru Cultur\u0103 Suceava Editura Pim.<\/li>\n<li>Albumul <em>\u201eDasc\u0103l \u0219i artist\u201d<\/em> , Editura Pim.<\/li>\n<\/ul>\n<p><strong>2018\u00a0 <\/strong>&#8211; Albumul <em>\u201eContemporary art challenges\u201d<\/em> , Editura Pim.<\/p>\n<h2>\u00a0<\/h2>\n<h2><span style=\"color: #ff0000;\"><strong>Tabere de pictur\u0103:<\/strong><\/span><\/h2>\n<ul>\n<li><strong>2022 \u2013<\/strong>Tab\u0103ra de pictur\u0103 \u201eDasc\u0103l \u0219i artist\u201d\u00a0 la C\u00e2mpulung Moldovenesc<\/li>\n<li><strong>2017<\/strong> \u2013 Tab\u0103ra de pictur\u0103 \u201eDasc\u0103l \u0219i Artist\u201d la Gura Humorului<\/li>\n<li><strong>2016<\/strong> \u2013 Tab\u0103ra de pictur\u0103 TAG la Putna<\/li>\n<\/ul>\n<h2>\u00a0<\/h2>\n<h2><span style=\"color: #ff0000;\"><strong>Lucr\u0103ri \u00een colec\u021bii particulare \u00een \u021bar\u0103 \u0219i str\u0103in\u0103tate.<\/strong><\/span><\/h2>\n<p><strong>Telefon: 0740383551, <\/strong><\/p>\n<p><strong>Adresa de e-mail: <\/strong><a href=\"mailto:adriangrosari@yahoo.com\"><strong>adriangrosari@yahoo.com<\/strong><\/a><\/p>\n<p><strong><a href=\"http:\/\/www.adriangrosari.ro\">www.adriangrosari.ro<\/a> <\/strong><\/p>        <\/div>\n<!-- \/module text -->\n\n                        <\/div>\n                    \t\t<\/div>\n\t\t                                <\/div>\n                                <!-- \/row_inner -->\n                        <\/div>\n                        <!-- \/module_row -->\n\t\t<\/div>\n","protected":false},"excerpt":{"rendered":"<p>Adrian Grosari Profesor de Educa\u021bie plastic\u0103 la \u0218coala Gimnazial\u0103 \u201eMihai Eminescu\u201d\u00a0 \u0219i \u0218coala Gimnazial\u0103 \u201eRegina Elisabeta\u201d din R\u0103d\u0103u\u021bi, Jud. Suceava Studii: 2012 &#8211; Masterand \u00een Arte Decorative din cadrul Universit\u0103\u021bii de Arte \u201dGeorge Enescu\u201d, Ia\u0219i &#8211; Facultatea de Arte Plastice, Decorative \u0219i Design; 2006 &#8211; Absolvent al Universit\u0103\u021bii de Arte \u201dGeorge Enescu\u201d, Ia\u0219i \u2013 Facultatea [&hellip;]<\/p>\n","protected":false},"author":1,"featured_media":0,"parent":0,"menu_order":0,"comment_status":"closed","ping_status":"closed","template":"","meta":[],"_links":{"self":[{"href":"https:\/\/adriangrosari.ro\/index.php\/wp-json\/wp\/v2\/pages\/13"}],"collection":[{"href":"https:\/\/adriangrosari.ro\/index.php\/wp-json\/wp\/v2\/pages"}],"about":[{"href":"https:\/\/adriangrosari.ro\/index.php\/wp-json\/wp\/v2\/types\/page"}],"author":[{"embeddable":true,"href":"https:\/\/adriangrosari.ro\/index.php\/wp-json\/wp\/v2\/users\/1"}],"replies":[{"embeddable":true,"href":"https:\/\/adriangrosari.ro\/index.php\/wp-json\/wp\/v2\/comments?post=13"}],"version-history":[{"count":31,"href":"https:\/\/adriangrosari.ro\/index.php\/wp-json\/wp\/v2\/pages\/13\/revisions"}],"predecessor-version":[{"id":840,"href":"https:\/\/adriangrosari.ro\/index.php\/wp-json\/wp\/v2\/pages\/13\/revisions\/840"}],"wp:attachment":[{"href":"https:\/\/adriangrosari.ro\/index.php\/wp-json\/wp\/v2\/media?parent=13"}],"curies":[{"name":"wp","href":"https:\/\/api.w.org\/{rel}","templated":true}]}}